
What is the value of 59 - (0 + 11 + 3 + (-6 - (-8 + 4)))?
47
Evaluate 15 + -4 + -214 + 216 + -1 + 4.
16
What is (2 + -1 - 11) + -54 + 255 + -231?
-40
What is the value of 18 + -20 + (6 + (5 - 4) - 16 - 6)?
-17
What is the value of (55 + -73 - -56) + -30?
8
Calculate (2 - -15) + -69 + 34 - (1 - -45).
-64
Evaluate 27 - (17 - (-54 + 79)).
35
Evaluate (-9 - -1) + (6 - ((-2 - 4) + -21)).
25
Calculate (-34 - 19) + 43 + -23.
-33
What is the value of 7 - (-138 + 289 - 51)?
-93
Evaluate 0 + -23 - (2156 + -2158).
-21
Calculate (1 - (-1 - 6)) + (105 - 115).
-2
Evaluate (257 - 261) + 12 + (10 - 13).
5
What is the value of -8 + (21 - (-18 - -35))?
-4
What is the value of 4 - (12 + -6 + 22 - 12) - 7?
-19
Calculate (8 + -19 - -23) + 610 + -482 + 0 + 4.
144
Evaluate -10 - (114 - 3 - (9 - (-6 + 35))).
-141
What is the value of -18 + 4 - (-30 + (-40 - (-22 + -23)))?
11
Calculate (142 - 159) + (-1 - 5) - ((4 - 0) + 5).
-32
Evaluate (9 - ((19 - -9) + (-11 - 0)) - -12) + -59.
-55
32 - (109 + -45 + -85)
53
What is the value of (9 - 24) + (-2 - (6 + -2) - (3 + 3))?
-27
What is the value of -18 - (-7 - (-18 + (-8 - 49)))?
-86
Evaluate 5 + 0 + (71 + -60 - (100 - 2)) - -7.
-75
Evaluate (184 - 43) + -37 + 2 + -6 + 0.
100
(-8 - (10 - (-6 - -22))) + (-5 - 6)
-13
1 + -5 - (0 + -5) - (4 + -3)
0
Calculate -14 + -1 - (-680 + 675).
-10
Calculate 0 + 10 - (-1 + -5 - -23) - (-29 - 49).
71
What is -281 + 319 - (14 + (-2 - -4))?
22
What is the value of -78 - ((-17 - -6) + -1)?
-66
What is (11 - (-1 - (21 + -6 - 11))) + -4 + 10?
22
Calculate 12 + (3 - (-3 + 5 + -18 + 33)).
-2
What is the value of 105 + -46 + 119 + -67?
111
Calculate (0 - -11 - (2281 - 2251)) + 133 + 1.
115
9 - (-6 + -9) - (2 + (0 - 3) + -1)
26
5 + -1 + 3 + -124 + 317 + -214
-14
Evaluate (-50 - (3 - (4 + -24))) + (-2 - (-1 + -5)).
-69
Calculate 6 + 1 + 3 - (38 + 34 - -19).
-81
Calculate -43 - -24 - -23 - (-105 + -10 + (0 - -3)).
116
Evaluate -122 + 207 + 30 + -58.
57
Evaluate 1 + (-2 - 66) + (-33511 - -33539).
-39
What is (-15 - (-16 - -24) - -38) + -16 + (1 - -48)?
48
What is the value of -80 + 72 - (-13 - 2 - (-2 + 6) - -5)?
6
What is the value of -117 + -53 + 71 + -51 + 6?
-144
What is the value of 22 - 26 - (-40 - -80)?
-44
(-45 - 22) + -36 + 107
4
33 + (73 - (61 + -15))
60
Evaluate -22 + (2 - -2) + (-76 - -58) + -93.
-129
What is the value of 26 + (5 - (1 - 2)) + (1033 - 1027)?
38
Evaluate (110 - 142 - -26) + 2 + 0 + -11.
-15
What is the value of (28 - -2) + (-166 - -145)?
9
(3 + -6 + 13 - (37 + -14)) + 82
69
-2 + -25 + (14 - (10 + -4 + 1) - 12)
-32
What is 4 - (66 + (-36 - -24) + (-1 - -10) + -8)?
-51
Evaluate (32 + -40 - -11) + 35.
38
Evaluate 31 + 4 + (-6 - (40 + -19)).
8
Evaluate 2536 + -2564 - (-130 - 0).
102
What is the value of 15 + (5 - 23 - -2) + -33?
-34
(105 - 2) + -27 + (-39 - -28)
65
Evaluate (-18 + -17 + 13 + 25 - (1 + -1)) + 11.
14
Calculate -29 - (33 - 42 - (2 - 2)).
-20
Evaluate 44128 - 44135 - (81 + (1 - 1)).
-88
What is (28 - 27) + -23 - (-1 + -125) - 14?
90
(3 - 2 - 22) + (-105 - -156)
30
What is 5 - ((-4 - 2) + -7 + -21 + 0 + 4)?
35
(-6 - (-15 - -10)) + ((3 - -3) + 1 - 6)
0
Evaluate 0 + -11 + (-24 - 0) + (383 - 302).
46
Evaluate 12 + 73 + -11 + 2 - (-25 - -18).
83
Calculate -2 - 10 - 3 - (-17 - 4).
6
(2 + -2 - 0) + (-54 - (6 - 61))
1
Calculate (4966 - 5006) + 72 + (6 - 2).
36
Evaluate 142 + (44 - 62) + 7 + -31.
100
73 - (25 + 25) - 75
-52
What is the value of -107 - -75 - (-38 - -1)?
5
(14 - 12) + 13 - (-5 - (7 + -2 + 0))
25
1 + -1 + -36 - (19 - 46 - -9)
-18
Evaluate (1 - 4) + -500 + 560.
57
What is 28 + (146 + -146 - (-8 + -1) - -1)?
38
What is the value of -57 + -4 - (-99 - 9)?
47
2 - ((60 - 25) + -26) - 23
-30
What is -6 + 29 + (2 - 5 - 7) + -2 + -85?
-74
What is the value of (44 + 8 - -60) + -88?
24
What is -1 + 6 + -2 + -9 - (101 - 111)?
4
What is the value of (11 - 11 - (-24 + 32 + -6 + -8)) + -76?
-70
Calculate 25 - (12 - ((-25 - -28) + 1 - (1 + -9))).
25
Calculate 31 - (-23 - (-2 - 7)).
45
Evaluate -32 + -69 + 40 + 52.
-9
Evaluate 2 + (3 - 3 - (8 - 5)) + 443 + -461.
-19
Evaluate -35 + 4 + 20 + (266 - 309).
-54
What is the value of -22 + 64 + 71 + 5 + 17?
135
What is (-1 - -28) + 0 + (-32788 - -32719)?
-42
Evaluate (28 - (-16 + 2)) + -20 + 18.
40
-6 - (-1 + 3) - (14 + -37 + 164 + -71)
-78
What is (12 - (-14 - (-7 + -24))) + -59 + -7?
-71
Calculate -1 - 0 - (-2 + 7) - (511 - 481).
-36
Evaluate (52 - 25) + -9 - (-8 - 3).
29
Evaluate -110 - (-1 - 21 - (58 - 79)).
-109
What is -57 + (-129 - -41 - -54)?
-91
Calculate (-30 + 28 - -57) + -40.
15
Calculate (15 + -42 + 33 - (0 + -5)) + -7.
4
-80 + 22 - (49 + -34)
-73
(37 - 7) + (1 - 4) - (-668 - -679)
16
Evaluate -1 + -7 + (24 - (-9 - (-41 - -81))).
65
What is the value of -49 - 76 - -104 - (1 - 18)?
-4
What is (876 - 913) + (5 + -4 - 0)?
-36
Evaluate -17 + (-10 + 6 - -2) + 37.
18
What is (-93 - -140) + (-31 - 2) - (5 + 2 - 1)?
8
Calculate 37 + (-2 - 19 - 6) - 97.
-87
Evaluate -39 + 1 - -75 - 19 - 109.
-91
What is the value of (0 - (91 - -5)) + 139?
43
(-1 - 85) + (2 + 35 - 33 - 0)
-82
What is the value of -2 - -22 - (-40 + 55 + (-20 - 7))?
32
Evaluate (-3 - 1) + -8 + 77 + -1.
64
What is the value of 64 + (137 - 69) - 84?
48
43 + (-14 - -8) + 20 + -23
34
What is 9 - (-4 - (11 + -11 - 5)) - -59?
67
Calculate -131 + 12 + 44 + -16 + -6 + -14.
-111
What is -22 + 4 + -4 - ((-8 - -8) + (3 - 14))?
-11
Calculate 19 - (5 - 0) - (26 + 8) - 55.
-75
What is the value of 3 - ((198 - 213) + 0 + 13 - (-5 - -1))?
1
Calculate 5 - (4 + (1 - 12)) - (23 - (-7 - -23)).
5
Evaluate 4 + -38 + (3 - 9) - (-3 - (15 + -8)).
-30
What is (-1167 - -1181) + 9 + 3 + 3?
29
What is -27 + -11 + (6 - (-9 - (-9 - 13))) + 8?
-37
1 + -78 - (-4231 - -4162)
-8
Calculate -7 + -11 + -2 + 29 + 5.
14
70 + (25 - 165) - (-23 + 0)
-47
Evaluate ((64 + -54 - (2 + 23)) + 2 - 1) + 36.
22
14 + -9 + 41 + -26
20
Calculate 3 - (55 + -18 - 32) - (-2 + 11 + -2).
-9
What is the value of (-5 - -3) + -169 + 109?
-62
Evaluate -7 - (-8 - (13 + (-15 - (-3 - 6)))).
8
Evaluate -71 - (-414 + 428 + -41 + -1).
-43
Calculate 50 + -34 - 12 - (36 + (-3 - -3 - -5)).
-37
20 + (2 - (-15 + 22) - -17)
32
33 - ((166 - 13) + -69)
-51
Calculate -19 + (697 - 762 - (37 + -4)).
-117
What is 1 + 16 + 4 + 2 - (15 - (0 - -20))?
28
What is -81 - ((-2 - 11) + -18)?
-50
(-4876 - -4923) + (3 - (-1 + 2) - 10)
39
What is the value of 10 - -1 - ((-13 - (-11 + 10)) + -15 + 3)?
35
Evaluate 4780 - 4823 - (0 - 67).
24
What is (-115 - -5) + (133 - 4)?
19
What is -1 - (113 + -1 + -1 + 1 + 1062 + -1059)?
-116
Evaluate -22 + (14 - 28 - (-5 - -12)).
-43
Evaluate 3 + -72 - (2 - (11 + -21 + 23 + -14)).
-72
Evaluate 10 + -75 + 151 - (26 + 0).
60
Calculate 39 + -2 - (1778 - 1797).
56
Calculate (36 - 14) + -25 + -3 + -1.
-7
Evaluate (-1 - 1) + (-11 - (23 + -40) - 19).
-15
What is 13 + -1 - (-34 + -18 + 16 + 21)?
27
Calculate 11 + (2 + (1 + 1 - 0) - (362 - 358)).
11
2 + -8 - (21 + 1 + -19) - 2
-11
Calculate (-8 - 65) + (47 - (84 - 54)).
-56
Calculate -3 + 8 - (59 - (44 + -40 - (0 + 5))).
-55
Evaluate 117 - (-46 - (-45 - (-30 - -24))).
124
What is 37 - ((-37 - 49) + 85)?
38
Calculate -23 + (-49 - -17 - -101).
46
Calculate -16 - (-21 + 21 + -43) - 134.
-107
Calculate (-422 + 141 - -276) + (-10 - (0 - 1)).
-14
Calculate 77 + -3 + (14 - (11 - 5)) + -2 + 5.
85
What is (96 - 21) + (-78 - -49)?
46
What is the value of (77 - 7) + ((3 - 13) + 10 - (5 - 0))?
65
Calculate 102 - (96 - 2) - (0 + -9).
17
What is the value of -59 - -2 - (2 - (-72 + 41) - 21)?
-69
Evaluate (23 - -2 - (40 - (0 + 4))) + (-1 - -132).
120
Evaluate -34 - (7 - (4 + 6)) - (-116 - -114).
-29
Calculate 68 + -3 - (-201 - -308).
-42
Calculate 9896 - 10011 - (1 + -165).
49
What is the value of -53 + 18 + 11 + (-7 - (0 - 7))?
-24
What is 19 - (-9 + (-38 - 3))?
69
(-8 - 29 - -38) + (-11 - -1) + (-6 - 0)
-15
What is the value of (29 - (40 - -27)) + 29?
-9
27 + (-25 - -15) + -53 - -24
-12
What is the value of -26 - (19 - 31 - 6) - (-136 - -14)?
114
(51 - 1) + (56 + -90 - -42)
58
What is -123 - (-8 + -78 - -18)?
-55
Evaluate 0 + -50 + -1469 + 1520 - (-63 - -1).
63
Evaluate (-1 - 1 - (-19 + 33 + -13)) + -76.
-79
What is the value of (32 - 7) + 51 - 191?
-115
What is the value of -6 - 57 - -39 - -28?
4
Calculate (91 - (171 - 73)) + 42.
35
-92 + 24 + (14 - -16)
-38
Calculate (-84 - (45 - 73)) + 